 1167?
False
Is 9563 a multiple of 33?
False
Is 216 a multiple of 18?
True
Does 6 divide 23426?
False
Is 442 a multiple of 12?
False
Does 37 divide 5291?
True
Is 3220 a multiple of 35?
True
Is 3885 a multiple of 7?
True
Is 16 a factor of 2078?
False
Does 14 divide 5754?
True
Is 4 a factor of 121?
False
Does 4 divide 236?
True
Is 43 a factor of 3010?
True
Does 16 divide 256?
True
Does 9 divide 259?
False
Is 21248 a multiple of 166?
True
Is 5850 a multiple of 120?
False
Is 560 a multiple of 56?
True
Is 33628 a multiple of 191?
False
Does 73 divide 7811?
True
Is 996 a multiple of 12?
True
Is 33338 a multiple of 30?
False
Is 7232 a multiple of 16?
True
Does 107 divide 15087?
True
Does 4 divide 456?
True
Does 102 divide 121502?
False
Is 37 a factor of 165?
False
Is 7752 a multiple of 63?
False
Is 78120 a multiple of 62?
True
Does 59 divide 1802?
False
Is 18072 a multiple of 6?
True
Is 51 a factor of 4585?
False
Is 162 a factor of 40212?
False
Is 16 a multiple of 16?
True
Is 6 a factor of 1188?
True
Is 360 a multiple of 18?
True
Is 8021 a multiple of 66?
False
Is 493 a multiple of 6?
False
Is 47695 a multiple of 13?
False
Does 85 divide 27891?
False
Is 365 a multiple of 12?
False
Is 31 a factor of 2480?
True
Is 29575 a multiple of 13?
True
Does 56 divide 2576?
True
Is 6 a factor of 1428?
True
Is 2528 a multiple of 15?
False
Is 1007 a multiple of 53?
True
Is 99 a multiple of 10?
False
Is 28 a factor of 33928?
False
Is 15 a factor of 1320?
True
Is 34 a factor of 3298?
True
Is 39 a factor of 52923?
True
Is 64 a factor of 704?
True
Is 47 a factor of 7832?
False
Does 79 divide 59078?
False
Is 68 a factor of 457?
False
Is 17087 a multiple of 14?
False
Is 1258 a multiple of 95?
False
Does 7 divide 912?
False
Does 50 divide 5350?
True
Does 31 divide 13051?
True
Is 144 a multiple of 6?
True
Is 78 a factor of 5538?
True
Does 172 divide 30150?
False
Is 75 a multiple of 15?
True
Is 8239 a multiple of 11?
True
Is 48 a factor of 12816?
True
Is 612 a multiple of 34?
True
Is 13 a factor of 11212?
False
Does 89 divide 49560?
False
Does 13 divide 19658?
False
Is 525 a multiple of 25?
True
Is 200 a factor of 545?
False
Does 2 divide 61?
False
Is 2 a factor of 26839?
False
Is 79 a factor of 18960?
True
Is 11296 a multiple of 3?
False
Is 59 a factor of 2655?
True
Is 5568 a multiple of 18?
False
Is 32 a factor of 125792?
True
Does 20 divide 1849?
False
Is 3036 a multiple of 11?
True
Is 52920 a multiple of 54?
True
Is 1683 a multiple of 144?
False
Is 20 a factor of 266?
False
Does 143 divide 8890?
False
Is 13 a factor of 468?
True
Is 32272 a multiple of 11?
False
Is 347 even?
False
Does 21 divide 2295?
False
Does 8 divide 8720?
True
Does 13 divide 13525?
False
Is 145 a factor of 46980?
True
Is 260 a multiple of 20?
True
Is 30328 a multiple of 223?
True
Is 1802 a multiple of 17?
True
Is 483 a multiple of 2?
False
Is 3642 a multiple of 28?
False
Does 6 divide 1839?
False
Does 56 divide 3040?
False
Is 4 a factor of 95?
False
Is 2 a factor of 64?
True
Does 27 divide 84667?
False
Is 10136 a multiple of 28?
True
Is 23 a factor of 13846?
True
Is 312 a multiple of 13?
True
Does 9 divide 141?
False
Is 2170 a multiple of 7?
True
Is 11053 a multiple of 30?
False
Does 2 divide 625?
False
Is 16 a factor of 1072?
True
Is 320 a multiple of 3?
False
Is 13 a factor of 15522?
True
Does 3 divide 69?
True
Is 2 a factor of 130?
True
Is 418 even?
True
Does 16 divide 6192?
True
Is 21 a factor of 43659?
True
Is 48 a factor of 1440?
True
Does 2 divide 7?
False
Is 8216 a multiple of 18?
False
Does 54 divide 5724?
True
Is 44280 a multiple of 24?
True
Is 162 a factor of 2353?
False
Does 49 divide 656?
False
Is 8978 a multiple of 10?
False
Does 19 divide 396?
False
Is 2589 a multiple of 32?
False
Does 92 divide 644?
True
Does 3 divide 180?
True
Is 22 a factor of 6185?
False
Does 125 divide 5750?
True
Does 3 divide 12882?
True
Is 10 a factor of 1540?
True
Does 61 divide 11896?
False
Is 9 a factor of 13283?
False
Does 19 divide 1824?
True
Is 3 a factor of 9582?
True
Is 156 a factor of 2652?
True
Is 49 a factor of 980?
True
Does 67 divide 2412?
True
Is 5 a factor of 23385?
True
Is 7436 a multiple of 44?
True
Is 4860 a multiple of 35?
False
Does 26 divide 2964?
True
Is 6 a factor of 8160?
True
Is 715 a multiple of 65?
True
Is 2 a factor of 9997?
False
Does 7 divide 12765?
False
Is 16380 a multiple of 30?
True
Is 364 a factor of 37492?
True
Is 1401 a multiple of 53?
False
Is 38 a factor of 11064?
False
Does 10 divide 1358?
False
Is 4521 a multiple of 33?
True
Is 20 a factor of 18287?
False
Is 29 a multiple of 3?
False
Does 111 divide 7894?
False
Is 7445 a multiple of 232?
False
Is 35 a factor of 4607?
False
Is 120 a factor of 952?
False
Is 15 a factor of 11677?
False
Is 30 a factor of 750?
True
Does 6 divide 450?
True
Does 16 divide 4285?
False
Does 10 divide 330?
True
Does 36 divide 42234?
False
Is 374 a multiple of 34?
True
Is 2495 a multiple of 80?
False
Is 87 a factor of 48420?
False
Is 8407 a multiple of 7?
True
Is 18775 a multiple of 11?
False
Is 14 a factor of 2926?
True
Is 177 a factor of 95022?
False
Does 13 divide 1975?
False
Is 56 a factor of 3416?
True
Does 22 divide 3476?
True
Is 28 a factor of 10612?
True
Is 40 a factor of 1619?
False
Is 80 a factor of 54480?
True
Is 5 a factor of 4050?
True
Does 14 divide 545?
False
Is 5168 a multiple of 43?
False
Is 987 a multiple of 47?
True
Does 47 divide 10227?
False
Is 22 a factor of 3476?
True
Is 3890 a multiple of 113?
False
Is 12025 a multiple of 65?
True
Is 5700 a multiple of 100?
True
Is 7 a factor of 385?
True
Is 3276 a multiple of 8?
False
Is 22 a factor of 264?
True
Is 53 a factor of 9960?
False
Is 11588 a multiple of 14?
False
Is 442 a multiple of 9?
False
Is 7980 a multiple of 27?
False
Is 114 a factor of 7296?
True
Is 88 a factor of 1327?
False
Does 8 divide 696?
True
Is 80 a factor of 3600?
True
Does 77 divide 951?
False
Is 8446 a multiple of 19?
False
Does 28 divide 10248?
True
Is 70 a multiple of 5?
True
Is 34 a factor of 1885?
False
Does 33 divide 1485?
True
Is 5577 a multiple of 33?
True
Is 204 a multiple of 4?
True
Does 131 divide 4634?
False
Is 54390 a multiple of 21?
True
Is 2162 a multiple of 47?
True
Is 14 a factor of 3206?
True
Is 10 a factor of 17?
False
Does 79 divide 12990?
False
Does 23 divide 2461?
True
Does 22 divide 220?
True
Is 5316 a multiple of 83?
False
Is 8909 a multiple of 126?
False
Is 60 a factor of 8899?
False
Is 2145 a multiple of 76?
False
Does 34 divide 8219?
False
Is 20 a factor of 600?
True
Does 66 divide 65934?
True
Is 3 a factor of 290?
False
Is 57 a factor of 1710?
True
Is 38316 a multiple of 234?
False
Is 48 a factor of 2208?
True
Is 20 a factor of 875?
False
Does 4 divide 24?
True
Does 54 divide 1660?
False
Is 123 a factor of 16851?
True
Is 149 a factor of 2137?
False
Is 2768 a multiple of 34?
False
Is 2 a factor of 3299?
False
Is 12 a factor of 1115?
False
Is 5447 a multiple of 42?
False
Does 25 divide 25?
True
Does 8 divide 2726?
False
Is 13552 a multiple of 16?
True
Is 21246 a multiple of 28?
False
Does 72 divide 9190?
False
Does 2 divide 417?
False
Is 19 a factor of 1805?
True
Is 36 a factor of 216?
True
Is 1004 even?
True
Is 89733 a multiple of 16?
False
Is 116 a factor of 1740?
True
Is 11842 a multiple of 12?
False
Does 5 divide 86?
False
Is 6723 a multiple of 87?
False
Is 9 a factor of 13464?
True
Is 1149 a multiple of 10?
False
Is 57 a factor of 56373?
True
Is 21 a factor of 5268?
False
Does 49 divide 3087?
True
Is 9 a factor of 63?
True
Is 18 a factor of 396?
True
Does 13 divide 13143?
True
Does 14 divide 4940?
False
Is 1691 a multiple of 19?
True
Is 25 a factor of 41025?
True
Is 256 a multiple of 6?
False
Does 74 divide 1035?
False
Is 5 a factor of 1339?
False
Is 7622 a multiple of 179?
False
Is 840 a multiple of 37?
False
Is 2414 a multiple of 9?
False
Does 48 divide 66581?
False
Does 185 divide 613?
False
Does 10 divide 650?
True
Is 28 a factor of 519?
False
Does 26 divide 4004?
True
Does 19 divide 1457?
False
Is 7 a factor of 2431?
False
Is 23 a factor of 9894?
False
Is 20 a factor of 1855?
False
Is 31 a factor of 11501?
True
Is 44 a factor of 32062?
False
Does 14 divide 1470?
True
Is 4230 a multiple of 45?
True
Is 6924 a multiple of 79?
False
Is 17 a factor of 3871?
False
Is 1232 a mult